1
What is -16a08 (base 13) in base 9?
-65527
Convert 30213133 (base 4) to base 8.
144737
Convert 100333233 (base 4) to base 15.
15960
What is -75523 (base 11) in base 16?
-1accc
Convert -24c5a (base 13) to base 6.
-1242513
1074c (base 13) to base 8
72160
What is -11220012120 (base 3) in base 15?
-1d853
Convert -541311 (base 9) to base 6.
-10524531
140314304 (base 5) to base 16
ae3e8
Convert -1010011211220000 (base 3) to base 12.
-5455760
What is -1000110101101100000100111 (base 2) in base 4?
-1012231200213
-1323031033 (base 5) to base 3
-20021012002122
-55ce8 (base 15) to base 13
-972b9
What is -2f37b (base 16) in base 6?
-4051215
Convert -1481160 (base 9) to base 4.
-3020123331
220415210 (base 6) to base 13
a8516c
1000010011011000110110 (base 2) to base 11
1257317
-1308ab2 (base 12) to base 4
-32103000212
What is 34d37 (base 15) in base 5?
20341402
What is 12233442 (base 5) in base 2?
11100110011101101
Convert -1297ee1 (base 15) to base 14.
-1ac8666
Convert -5b81 (base 12) to base 2.
-10100001010001
What is -247708 (base 10) in base 6?
-5150444
Convert 1661b92 (base 13) to base 8.
33451234
What is 8496 (base 10) in base 8?
20460
-16882c (base 14) to base 8
-3012510
What is -11000330131 (base 4) in base 8?
-5007435
What is 581bd1 (base 16) in base 14?
aa4493
21302011320 (base 4) to base 3
11211021210110
-322302213 (base 4) to base 8
-726247
Convert 28210722 (base 9) to base 16.
d4bfb8
-413213233 (base 5) to base 16
-19dc62
-15515036 (base 7) to base 8
-5561476
Convert 2294538 (base 10) to base 3.
11022120111220
Convert 10101210011200 (base 3) to base 10.
1806588
28499 (base 11) to base 7
226066
What is 101110010001010011010 (base 2) in base 7?
15613240
511923 (base 10) to base 14
d47bd
Convert 1102315 (base 7) to base 8.
410205
Convert 3353052 (base 6) to base 2.
101001100111011000
Convert -11121200220 (base 3) to base 4.
-112030122
What is -13cb4dd (base 14) in base 6?
-542303123
Convert -3534320 (base 7) to base 8.
-1546426
What is 10102220220011 (base 3) in base 6?
103111304
6600914 (base 11) to base 5
10432044101
-10022221102 (base 3) to base 9
-108842
What is 2183a48 (base 12) in base 16?
618e18
What is 126131 (base 9) in base 11?
52656
-c5dc6 (base 14) to base 2
-1110100100011111010
Convert 1614565 (base 7) to base 8.
662534
2904bc (base 13) to base 7
11334545
Convert 1570a4 (base 11) to base 2.
111011011111100111
Convert 1081c2 (base 13) to base 14.
a1b9a
What is 311012143 (base 5) in base 12?
510b58
Convert -8678526 (base 10) to base 8.
-41066176
What is -2a124 (base 16) in base 11?
-108519
What is -1d7db2 (base 16) in base 10?
-1932722
What is -12001033201 (base 4) in base 7?
-16261306
What is -1111202210220 (base 3) in base 8?
-3037273
2054235 (base 6) to base 9
163175
What is -2411011414 (base 5) in base 15?
-74d609
-3250355 (base 6) to base 14
-43139
-121430544 (base 6) to base 7
-25505524
Convert -a7717 (base 11) to base 5.
-20002332
-15454232 (base 6) to base 15
-ad73b
33221010 (base 4) to base 6
1212340
2a4b27a (base 12) to base 14
11cc6bc
What is -132210312030 (base 4) in base 11?
-4584a76
-9836594 (base 10) to base 15
-ce482e
16511 (base 11) to base 2
101101011001100
Convert -141102101 (base 5) to base 2.
-10110000010011100111
a291 (base 14) to base 16
6d37
-20010002 (base 5) to base 7
-1222240
What is 36761a (base 11) in base 9?
1075055
Convert -24200042 (base 7) to base 4.
-20031032132
10054 (base 11) to base 4
3211230
What is 121300220030 (base 4) in base 5?
3212042110
39aa3 (base 14) to base 16
22adf
Convert 2022122211 (base 3) to base 4.
23021233
Convert 213341203 (base 6) to base 3.
21011110111210
What is -59a678 (base 14) in base 15?
-407ae1
What is -91331 (base 13) in base 3?
-111012100222
What is -251062 (base 8) in base 16?
-15232
Convert -12c7b25 (base 14) to base 6.
-522440033
What is 3b5a2 (base 12) in base 15?
194a8
What is 339795 (base 10) in base 6?
11141043
1873194 (base 10) to base 14
36a918
Convert -1003131310 (base 4) to base 10.
-276340
-101110100111001101111 (base 2) to base 7
-15661040
101013310 (base 5) to base 7
3314360
4402111 (base 6) to base 15
449bd
Convert -460e9e (base 15) to base 11.
-198489a
Convert -10021120012111 (base 3) to base 16.
-1a9953
-156015 (base 9) to base 11
-66343
What is -1010111100101010101 (base 2) in base 5?
-42434431
What is 1271222 (base 9) in base 8?
2520071
-530b9 (base 12) to base 4
-122213031
What is -15eecc (base 16) in base 6?
-50450324
What is 21a4b (base 16) in base 8?
415113
What is 516846 (base 9) in base 2?
1001010111010110110
Convert 5150554 (base 6) to base 15.
4d61a
What is -24694 (base 16) in base 15?
-2e2ca
-5acc (base 15) to base 2
-100101101110101
-1250362 (base 7) to base 13
-5952a
What is 11101111010000110111 (base 2) in base 8?
3572067
23144242 (base 5) to base 4
303012222
-11022212102221 (base 3) to base 16
-23199d
What is 242207 (base 8) in base 11?
57467
Convert a4694 (base 12) to base 16.
348d0
Convert 5206ac (base 15) to base 11.
2223945
Convert 4392 (base 13) to base 3.
110220200
What is -355136 (base 9) in base 7?
-1550031
What is 65830 (base 15) in base 7?
2512101
1020011200212 (base 3) to base 2
10011111011010100100
Convert -153588 (base 16) to base 8.
-5232610
What is 256a565 (base 11) in base 16?
43e7a1
What is 158752 (base 10) in base 13?
57349
-1683a81 (base 13) to base 6
-420140401
Convert 1804c8b (base 13) to base 2.
11101110010010001010100
What is -15a596 (base 14) in base 15?
-eeadb
aa72a (base 14) to base 8
1446522
What is -224875 (base 12) in base 8?
-2054731
100111111000111111 (base 2) to base 16
27e3f
What is -135283 (base 12) in base 7?
-2502066
Convert 1011100100010101101100 (base 2) to base 6.
144555004
Convert -1425250 (base 7) to base 6.
-4034411
What is -610341 (base 7) in base 8?
-311773
-2221122100101 (base 3) to base 6
-53333231
What is 100101010010110101010 (base 2) in base 7?
13246565
22221211011 (base 3) to base 11
1104a1
What is 528d8 (base 15) in base 11?
169831
2303630 (base 9) to base 6
42345213
-2001313013 (base 4) to base 3
-1000000122102
-1330146 (base 10) to base 11
-8293a4
Convert 769c7 (base 14) to base 16.
46253
Convert -1112552 (base 8) to base 4.
-1021111222
Convert -1d3852 (base 14) to base 8.
-3775100
-1011001011001101000 (base 2) to base 4
-1121121220
Convert 2344115 (base 12) to base 9.
13726428
What is -1101010111000011010 (base 2) in base 7?
-3502226
What is 11011202002020 (base 3) in base 9?
4152066
What is -16aa3a9 (base 11) in base 2?
-1011000011100010010101
15357a (base 13) to base 8
1772643
Convert -32220615 (base 8) to base 4.
-122102012031
-893c2b (base 15) to base 9
-13272875
Convert 10010210201012 (base 3) to base 9.
3123635
Convert 318b94 (base 16) to base 12.
1107070
What is 1122203131 (base 5) in base 13?
6ab234
15538177 (base 9) to base 2
11101100110110010111101
What is 2055866 (base 12) in base 11?
348715a
2276425 (base 8) to base 15
c43b5
What is 21105420 (base 6) in base 5?
124144130
Convert -661567 (base 10) to base 6.
-22102451
1091ba5 (base 14) to base 12
2780459
-1968012 (base 13) to base 10
-8357403
11200121001 (base 4) to base 9
2638860
Convert 760823 (base 10) to base 9.
1378578
212200400 (base 5) to base 8
3327717
Convert b4595 (base 12) to base 8.
714501
What is 293783 (base 12) in base 15?
d9939
303331211 (base 4) to base 12
a3205
What is -2062104 (base 11) in base 8?
-15671133
110323002030 (base 4) to base 3
101022122120110
What is -318a2 (base 14) in base 13?
-4263b
Convert -41020 (base 7) to base 5.
-304321
Convert 120b0d (base 15) to base 14.
18678d
Convert -24a5c (base 14) to base 4.
-111323322
What is 3666510 (base 8) in base 6?
33400344
What is -2980826 (base 10) in base 11?
-17565a2
What is 13301233020 (base 4) in base 3?
10211120121110
What is 669ad (base 15) in base 2?
1001111101000101100
Convert -1011021102021 (base 3) to base 8.
-2262234
Convert 10420235 (base 6) to base 16.
4c97f
What is -100011201122101 (base 3) in base 4?
-102212123311
-2021020110 (base 3) to base 4
-22321203
-1364522 (base 7) to base 10
-184109
Convert -243bb6 (base 15) to base 2.
-110100111010110000101
What is -4a4485 (base 12) in base 4?
-10213132211
Convert 455326 (base 7) to base 15.
1907a
What is 445b5b (base 12) in base 2?
100001001110000110111
b74b36 (base 13) to base 5
2044413332
Co